- -69864. List the prime factors of u.
2, 109, 211
Let n(t) = -2*t**3 + 8*t**2 + 3*t + 20. Suppose q - 12 = 3*q. List the prime factors of n(q).
2, 19
Let s(q) = -5 + 156 + 38 + 17*q - 25*q. List the prime factors of s(-11).
277
Let x(t) be the first derivative of t**6/30 + t**5/30 + t**4/4 - 16*t**3/3 - 17. Let i(w) be the third derivative of x(w). List the prime factors of i(-3).
2, 3, 17
Suppose -3*g + 732544 = -73*g + 1891324. What are the prime factors of g?
2, 3, 31, 89
Let s be (-32)/(1 + 0)*(-4)/4. Let q = s - 37. What are the prime factors of (-10)/(-25) - (1 + 298/q)?
59
Let f be 66/14 + 22/77. What are the prime factors of -6 - (f - 349 - 1)?
3, 113
Suppose 278 + 1498 = 6*h. Suppose -o + 72 = -b, 5*o + 3*b - 56 = h. List the prime factors of o.
71
Suppose 3*o = 16*o - 20553. Let h = 2731 - o. What are the prime factors of h?
2, 5, 23
Let d = 284 - 11. Let q = d - -346. List the prime factors of q.
619
Suppose -227*h + 419258 = -4048536 - 1552927. What are the prime factors of h?
3, 7, 421
Let b(k) = k**3 + 19*k**2 + 4*k - 9. Let m(y) = 3*y**3 + 57*y**2 + 11*y - 27. Let d(g) = -11*b(g) + 4*m(g). List the prime factors of d(-8).
5, 139
Suppose 0 = -m, 2*y + 4*m - 5*m = 694. Suppose -4*o = -5*x + 341, 5*x + 3*o - o - y = 0. What are the prime factors of x?
3, 23
List the prime factors of -6 - ((17 - 3) + -7 + -1389).
2, 43
Let v be (-3)/(-45)*-6 + 2747/5. Let a = 833 - v. What are the prime factors of a?
2, 71
List the prime factors of -3*((-150)/60)/((-6)/4) + 22705.
2, 5, 227
Suppose 379*q - 430*q = -2850033. What are the prime factors of q?
29, 41, 47
Let p(s) = 1861*s - 730. What are the prime factors of p(6)?
2, 2609
Let k(y) = 0*y**3 + y**3 - 14*y**2 + 827*y - 5 - 819*y. Let j(g) = -g**3 - 3*g**2 + 8*g + 4. Let x be j(-5). List the prime factors of k(x).
107
Let g(a) = 280*a - 6. Let m be g(-4). What are the prime factors of 22/(-33) - m/6?
11, 17
Suppose 42*n = 40*n + 96. Let s = n - 41. Suppose 0 = -2*h + s*h + 4*f - 68, 0 = 3*h + 3*f - 39. List the prime factors of h.
2
Let o(p) = p + 2 - 17*p + 0 + 10*p**2 - 7*p**2. Suppose -3*f = 2*f - 30. What are the prime factors of o(f)?
2, 7
Let b = 30 + -27. Suppose -c = b*h - 340, 2*c - 698 = 2*h + h. List the prime factors of c.
2, 173
Let b(d) = 5*d**2 + 3*d - 2. Let n be b(-4). Let j(z) = -2*z**3 - 5*z**2 - z - 49. Let s be j(-7). Suppose 3*x + n = s. List the prime factors of x.
3, 37
Let m(h) = 42*h**2 - 23*h + 573. What are the prime factors of m(-23)?
2, 5, 11, 53
Let a(d) = d**3 + 65*d**2 + 116*d - 182. Let f be a(-63). Let p = -789 + 535. Let v = f + p. List the prime factors of v.
2, 97
Suppose 10 = -5*q - 6*w + 2*w, 4*q - 13 = w. Suppose 3*k - k = q*p - 490, -5*p + 2*k = -1231. Suppose -p = 3*h - 985. List the prime factors of h.
2, 3, 41
Suppose -81*p = -25*p + 284704 - 789992. List the prime factors of p.
7, 1289
Suppose 2*o + 4*j - 28 = 0, 29 = 2*o + 2*j + 5. Suppose t - 1045 = -t - q, o = -2*q. Suppose 0 = -4*y - y + t. What are the prime factors of y?
3, 5, 7
Suppose -4*n + 3*k + 4503 = -2000, 4*n = 4*k + 6500. Let y = n - 541. List the prime factors of y.
1087
Let p = 91 + -49. Let c = -39 + p. Let z(n) = 4*n**2 + 13*n - 2. List the prime factors of z(c).
73
What are the prime factors of 1448358/330 - 46/(-1265)?
3, 7, 11, 19
Let z be (-2)/1 - (-2 + -3*277). Suppose -260*o + 263*o = z. List the prime factors of o.
277
Suppose -10*r + 158 + 82 = 0. Let k be (-2)/(-3) - (-2120)/r. Suppose -3*t + 121 + k = 0. What are the prime factors of t?
2, 5, 7
Let w(f) = -f**3 + 48*f**2 - 15*f + 200. What are the prime factors of w(46)?
2, 1871
Let c(f) = 392*f**3 + 3*f - 1. Let r be c(1). Suppose r = l - 3*p, -l + 4*p + 392 = -0*p. List the prime factors of l.
2, 5
Let u(m) = -m**3 + 3*m**2 + 3. Let r be u(-4). Let d = 264 + r. What are the prime factors of d?
379
Suppose -5*c - 4*z + 51688 = -c, 3*c - 5*z = 38798. Suppose -24*j + j = -c. What are the prime factors of j?
2, 281
Let j(k) = -12*k + 9. Let l(w) = 5*w - 4. Let s(a) = -2*j(a) - 5*l(a). List the prime factors of s(-34).
2, 3
Let s(n) = 4*n**3 - 8*n**2 - 9*n + 32. Let x(p) = 7*p**3 - 15*p**2 - 18*p + 65. Let l(i) = 11*s(i) - 6*x(i). What are the prime factors of l(3)?
61
Suppose -14*d + 6*d + 237403 = 35*d. What are the prime factors of d?
5521
Suppose 3*m = 3*c + 3, -4*c + 3*m = 2*m + 4. Let k be 2 - (-2 - (c - -2)). Suppose 195 = 5*j - 5*f - 30, -k*f = 15. What are the prime factors of j?
2, 3, 7
Let o(x) = 5*x**2 + 89*x + 2454. List the prime factors of o(-63).
2, 3, 13, 107
Let p = 1160 + -513. Suppose -p + 3822 = 5*y. What are the prime factors of y?
5, 127
Let j(u) = -u**3 + 3*u**2 + 17*u - 2. Let x be j(-3). What are the prime factors of x/(-3)*(10 - (-2915)/(-5))?
191
Let d(u) be the third derivative of -u**6/120 - 19*u**5/60 - u**4/4 + 13*u**3/3 + 15*u**2. Let q be d(-19). Let a = 220 - q. What are the prime factors of a?
2, 5
Let j(a) = -9*a**3 + 10*a**2 - 38*a. Let r(s) = 11*s**3 - 11*s**2 + 37*s. Let y(i) = -6*j(i) - 5*r(i). What are the prime factors of y(-14)?
2, 7, 83
Let h(m) = -3*m - 38. Let s be h(-13). Let o be (0 - 2)*-1*s*4. Let f(l) = 8*l - 15. List the prime factors of f(o).
7
Let z be (-37)/((-3885)/3960) + (-2)/(-7). Let c(t) = t**3 - 39*t**2 + 80*t - 39. What are the prime factors of c(z)?
3, 173
Let b = -81 - -81. Suppose b = 19*z - 11*z - 16. Let x(s) = 10*s + 9. List the prime factors of x(z).
29
What are the prime factors of (-4)/(-28) - 1723324/(-238)?
13, 557
Let z(m) = -2*m**3 + 2*m**2 - 11*m + 17784. List the prime factors of z(0).
2, 3, 13, 19
List the prime factors of ((-139)/(-10) + (-2)/(-4))/(145/97150).
2, 3, 67
Let j(i) = 20*i + 0*i - 254 + 3*i + 6*i. List the prime factors of j(17).
239
Let y = 10349 - 4755. What are the prime factors of y?
2, 2797
Let w = -16014 - -25096. What are the prime factors of w?
2, 19, 239
Let i be 12*1*34/(-102). List the prime factors of i/6 + (-7 - (-2492)/12).
2, 5
Let s(g) = 5*g + 101. Let d(r) = -5*r - 100. Let u(b) = 2*d(b) + 3*s(b). Let n(i) = -i - 26. Let y(p) = -9*n(p) - 2*u(p). List the prime factors of y(5).
23
Suppose 486 + 1166 = 2*n. Suppose -n = -25*c + 23*c. What are the prime factors of c?
7, 59
Let w = 12 + -9. Suppose 0 = w*d + 2*z - 91, -4*d + 84 + 41 = -z. Let a = d + 84. List the prime factors of a.
5, 23
Suppose -153*m + 1501788 = -21261 + 199446. What are the prime factors of m?
41, 211
Suppose 0 = 3*t + 5*a - 130037, -65*a + 8 = -63*a. List the prime factors of t.
19, 2281
Suppose 0 = -f + 3*i + 25, 4*i - 10 + 94 = 4*f. Suppose 14*w - f*w + 2520 = 0. Let g = w - 340. List the prime factors of g.
2, 41
Let k be -1094 + 0 + (0 - -3). Let f = 2121 + k. Suppose z = -4*z + f. List the prime factors of z.
2, 103
Let l(n) = 1084*n**2 - 51*n - 405. What are the prime factors of l(-7)?
2, 13267
Suppose 3*x + 5*p - 186462 = 0, 4*x + p - 11971 - 236696 = 0. What are the prime factors of x?
3, 17, 23, 53
Suppose 13*t = 19*t + 2112. Let w = 359 + t. What are the prime factors of w?
7
Let o be (-6)/(4 - (2 + 4)). Suppose b - 787 = -2*h, 0*h = h + o*b - 391. List the prime factors of h.
2, 197
Let l = -16 - -26. Let w = l - 35. Let i = 57 + w. List the prime factors of i.
2
Let r(d) = -338*d - 416*d + 0 + 2. Let v be r(-1). Suppose 4*b + 3*b = v. What are the prime factors of b?
2, 3
Suppose 3*n + 193 = 4*l - 233, n - 5*l = -131. Let k = 319 + n. What are the prime factors of k?
173
Let i be (7 - 2) + 1 + 1. Suppose 3*f + 1443 = 3*j, 3*f + 2360 = 5*j + i*f. List the prime factors of j.
2, 7, 17
What are the prime factors of (87615/2970)/((-1)/(-642) - 0)?
3, 59, 107
Suppose -5*m - 5*v = 70, -70 = 5*m + v - 2*v. Let r = m - -18. What are the prime factors of (r/3)/((-3)/(-117) - 0)?
2, 13
Let i = 8428 + -3871. List the prime factors of i.
3, 7, 31
Let b(o) = -1957*o + 4107. What are the prime factors of b(-9)?
2, 3, 5, 181
Let j = 783 - 337. Suppose 2*h - 454 = -u, u - 5*h + 3*h = j. List the prime factors of u.
2, 3, 5
Let p = -347 + 716. Let b = -263 + p. What are the prime factors of b?
2, 53
Let y = 1 + -3. Let x = -988 - -1015. List the prime factors of x*(y - (-20)/8*2).
3
Let b(h) be the first derivative of 123*h**2/2 + 7*h - 1. Let d(x) = 491*x + 29. Let l(f) = -9*b(f) + 2*d(f). List the prime factors of l(-1).
2, 3, 5
Let b(a) = 